 w**2 - w + 5. Suppose 11*r - 13*r = 0. Determine m(r).
5
Let m(k) = -k**2 - k - 1. Let h(f) = f**2 - 4*f + 7. Let c be h(4). Suppose w + 4 = 2*z, -4*w + c = 4*z - 13. Give m(w).
-7
Let k(u) = -u + 9. Let f = 116 - 232. Let x be f/(-14) - 4/14. Let o = x - 3. What is k(o)?
4
Let l(m) = m. Let z be l(4). Let u(r) = r**2 - 6*r + 8*r - z - 1. Determine u(-5).
10
Let w(p) = 11*p - 1. Let r(m) be the third derivative of -m**4/24 - m**2. Let d(q) = -6*r(q) - w(q). Give d(-1).
6
Let j(m) = -m + 11*m**2 - 2 - 3*m**2 - 6*m**2. Give j(-2).
8
Let q(v) = -v + 7. Let u be q(5). Suppose 4*a + 4 = 2*a. Let g = u - a. Let n(j) = 2*j - 6. Determine n(g).
2
Let k(z) be the first derivative of z**4/4 - z**3 - 7*z**2/2 - 2*z - 1. Let f be ((-15)/70*-7)/(6/20). Give k(f).
13
Let h(i) be the third derivative of i**5/30 + i**4/12 + 2*i**3/3 - 28*i**2. What is h(-4)?
28
Let m(c) be the first derivative of c**4/4 - c**3/3 - c**2/2 - 11*c - 32. What is m(0)?
-11
Let m(d) = 2*d**2 + 9*d + 14. Let h be m(-3). Let v(s) = -s**2 + 7*s + 2. What is v(h)?
12
Let j(h) be the third derivative of -h**5/30 - 13*h**2. Determine j(-2).
-8
Let c(p) be the first derivative of 0*p**2 - 2 + 0*p**3 + 1/4*p**4 - 2*p. Give c(2).
6
Let o(q) be the third derivative of -q**4/12 - 3*q**2. Let p be (2/(-3))/(2/(-3)). Let s be (p/(-3))/(2/6). Give o(s).
2
Suppose -2*b = b + 3*t - 3, -14 = -4*b + t. Suppose 4*d - 6 = 2*d. Let r(o) = -2 + d - 2*o + 3*o - 2. Calculate r(b).
2
Let k = 0 + 3. Let s be (-1 + 2 + -2)/(-1). Let o(b) = -b**2 + b + 1. Let a(p) = -7*p**2 + 9*p + 5. Let g(v) = s*a(v) - 6*o(v). Calculate g(k).
-1
Let j(x) be the first derivative of x**6/360 - 7*x**5/120 + 5*x**4/24 + x**3 + 1. Let t(s) be the third derivative of j(s). Give t(6).
-1
Let a(b) = 4*b**2 - b + 6. Let p(j) = -j - 1. Let n(z) = -a(z) - 3*p(z). Let t = 194 - 192. What is n(t)?
-11
Let i = 135 + -129. Let u(o) = -o**2 + 6*o. Give u(i).
0
Let b(v) = -7*v + 18*v - 12*v + 10 + 0. Let l = 16 - 9. What is b(l)?
3
Let c(h) = 5*h + 2 - 4 - 2 + 2. Give c(-2).
-12
Let x(i) = -4*i**3 - 3*i**2 + 4*i + 7. Let v(m) = m**3 - m - 1. Let q(f) = -5*f - f**2 - 3 + 8*f + 3*f. Let w be q(6). Let u(l) = w*v(l) - x(l). What is u(-3)?
-1
Let m(a) be the first derivative of -a**2 + a + 10. Give m(2).
-3
Let d(w) = -w**2 - 5*w - 3. Let u = 3 + 21. Suppose -u = 4*g - 8. Calculate d(g).
1
Let l(c) be the third derivative of 2*c**6/15 + c**5/60 - 5*c**4/12 + 2*c**2. Let j(z) = 11*z**3 + z**2 - 7*z. Let p(a) = -7*j(a) + 5*l(a). What is p(-1)?
-4
Let d(g) be the third derivative of -g**2 - 1/6*g**4 + 0*g + 1/120*g**6 + 0 + 1/6*g**3 - 1/15*g**5. Suppose 4*a = 31 - 11. Determine d(a).
6
Let n be (-2)/(-1) - (4 - 1). Let l(o) = -2*o**3 - o**2 - 3*o - 2. Let t be l(n). Let k(w) = w**3 - 3*w**2 - 2*w + 2. Determine k(t).
-6
Let t be 4/34 + (-168)/(-17). Let v = t + -7. Let m(s) = -s**3 + 2*s**2 + 5*s - 3. Give m(v).
3
Suppose -5*h + 6*f = 3*f + 5, -1 = -h + f. Let s(b) = b**2 + b + 1. What is s(h)?
13
Let x(r) be the second derivative of r**5/120 + r**4/12 - r**3/3 - 2*r. Let a(f) be the second derivative of x(f). Determine a(-3).
-1
Let z(y) be the second derivative of -y**4/12 + y**2/2 - y. Let r be z(-1). Let s(x) = 50*x**3 + 1 + x**2 - 51*x**3 + 1. Calculate s(r).
2
Let z(t) = -2*t**3 - 4*t**2 - 1 - 6*t**2 + 3*t**3 + 4*t**2 + t. Give z(6).
5
Let d(h) = 6*h. Let p(u) = u + 6. Let w(l) be the second derivative of -l**3/3 + l**2/2 + 3*l. Let n be w(3). Let v be p(n). Determine d(v).
6
Let s(b) = -b**2 + b + 1. Let h(i) = -5*i**3 - 4*i**2 + 4*i + 3. Let d(u) = -h(u) + 3*s(u). Give d(1).
5
Suppose -k + 16 = 3*k. Let h = -7 + k. Let c(z) = 3*z**2 - 4*z + z**3 - 1 - 2 - z**2. Calculate c(h).
0
Let y(k) = 2*k + 4. Let d = -57 + 50. What is y(d)?
-10
Let d(x) be the second derivative of -x**3/6 - 2*x**2 - 5*x. What is d(-4)?
0
Let b(z) = -z**2 - 9*z + 7. Let s be b(-8). Let a be (6/s)/(1/5). Let u(k) = 2*k**2 - 2*k - 1. Determine u(a).
3
Let u(v) = -v**2 - 3 - 4*v + 2*v + v + 11*v. Give u(7).
18
Let d(r) = r**3 - r - 5. Let y be 2/4*(1 + 0 + -1). What is d(y)?
-5
Let n(v) = v - 1. Suppose 0 = -5*s - 3*i - 11, -2*i = 4. Let h(j) = -2*j - 9. Let p(o) = s*n(o) - h(o). Suppose y = 5*y + 20. Give p(y).
5
Let b(i) = 4*i**2 + i - 2. Let f(h) = 6*h - 1. Let t be f(1). Let p(a) = -7*a**2 - 2*a + 3. Let v(s) = t*b(s) + 3*p(s). Let d be (1/(-2))/(2/(-8)). Give v(d).
-7
Let v(o) = -o**2 - 5*o + 2. Let z be v(-5). Suppose -6 = -d - k, -2*d - 3*k = z*k - 27. Let j(w) = 2*w**3 + w. Give j(d).
3
Let d(y) = y**2 + y. Let k(u) = -5*u**2 - 7*u + 8. Let i(j) = -6*d(j) - k(j). What is i(0)?
-8
Let z(j) = -5*j + 1. Let h be 1*2/(-6)*-12. Let v = 6 - h. Let b = v + -3. Calculate z(b).
6
Let v(c) be the third derivative of -1/2*c**3 + 0*c + 1/12*c**4 - 4*c**2 + 0. Give v(-3).
-9
Let n(k) be the third derivative of k**6/120 - 7*k**5/60 + k**4/3 - 7*k**3/6 + 9*k**2. Give n(6).
5
Suppose 80 = -0*z + 5*z. Suppose -16*n - z = -12*n. Let y(i) = -3*i**3 - 4*i - 2*i**3 + 4*i**3 - 5*i**2 - 5. Give y(n).
-5
Let m(g) = g - 1. Let i(w) = -3*w**2 - 4*w + 6. Let j(k) = i(k) + 6*m(k). Give j(2).
-8
Let m = 1 - -1. Let r(x) be the second derivative of 0 + 2/3*x**3 - 2*x + 1/2*x**m. Calculate r(1).
5
Let v(k) = 0*k**3 - 81*k - k**2 + 78*k - 2 + k**3. Determine v(-2).
-8
Let q(o) = o**3 - 3*o**2 - 3*o - 4. Let r = 13 + -9. What is q(r)?
0
Let s(v) = v**3 + 3*v**2 + 5*v - 2. Let m(a) = -a**2 - a + 1. Let j(o) = 6*m(o) + s(o). What is j(3)?
1
Let s(k) = -k**3 + 1 - 59*k - 58*k + 116*k. Give s(0).
1
Suppose 0 = 2*a + 4*x + 6, -2*x - 2*x = 5*a + 3. Let p be a + 0 + (-12 - -10). Let q(d) = -5*d**2 - d - 1. Calculate q(p).
-5
Let u(h) be the first derivative of -3 - 4*h - 3/2*h**2. Calculate u(-4).
8
Let x(q) = -q - 3. Suppose -2*p + 0*p - 14 = 4*i, -5*p = -15. Let s(k) = -k - 5. Let m be s(i). Give x(m).
-3
Suppose -2*j = 2*i - 20, -38 = -4*j - 3*i - 2*i. Suppose 0 = 5*u - 3*r - 0 + 9, -4*r + j = 2*u. Suppose -2*h + 0 + 2 = u. Let l(c) = 2*c**2 + c. What is l(h)?
3
Let y(s) be the third derivative of 5*s**4/24 + 7*s**3/6 + 11*s**2. Determine y(-5).
-18
Let t be (-2)/7 + (-92)/(-28). Let n(d) = 2*d**t + 4*d**2 - 7 - 4*d**3 + d**3 - d + 6*d. Give n(5).
-7
Let b(w) be the second derivative of w**3/6 - 2*w**2 - 9*w. Give b(6).
2
Let o(t) = -42*t**2 + 22*t + 22. Suppose -5 + 17 = -2*l. Let g(v) = 6*v**2 - 3*v - 3. Let j(q) = l*o(q) - 44*g(q). What is j(1)?
-12
Let u = -6 + 12. Suppose -u = -5*q + 4. Let k(j) = -2*j**2 + 1 - j**3 - j**q + 0*j**3 - 3*j**2. What is k(-6)?
1
Let c(r) be the first derivative of r**4/4 - 5*r**3/3 - 4*r**2 + 2*r - 2. What is c(6)?
-10
Let d(r) = 4*r + 0*r + 8 + 2*r - r**2 + r. What is d(8)?
0
Let l(p) be the third derivative of -p**5/60 + p**4/2 - p**3 - 2*p**2 + 12. Give l(12).
-6
Let l = 9 + -6. Suppose 4*v + 4*g - 9 = 7, 3*v - g = 4. Let w(z) = z**3 - 6*z + 2*z + z + 4 - l*z**v. What is w(4)?
8
Let y(n) = -3*n**2 - 20*n + 9. Let k be y(-7). Let c(z) = -z**3 + z + 1. Calculate c(k).
-5
Let w = -13 + 23. Suppose -2*x = 2*x - j - w, x = -5*j + 13. Let p(y) = -y - 7 - y**3 - y**2 + 2*y**3 - y**x + y**3. Give p(0).
-7
Let o(h) be the first derivative of h**5/60 + h**4/8 - h**3/2 + h**2 + 1. Let v(y) be the second derivative of o(y). Determine v(-5).
7
Let l(s) be the first derivative of -s**4/4 + 8*s**3/3 + 2*s + 3. Let g be l(8). Let d(w) = w + 1. Give d(g).
3
Let y(h) be the first derivative of -h**5/120 + h**4/12 + 2*h**3/3 + 2. Let r(i) be the third derivative of y(i). Determine r(3).
-1
Let n(j) = -6*j - 1. Let i(r) = -r**3 + 3*r**2 + 9*r - 18. Let f be i(4). What is n(f)?
-13
Let x be (-9)/(-6)*(-24)/(-9)*-2. Let u(d) = d**2 + 9*d - 1. Calculate u(x).
-9
Let t(c) = -2*c**3 - 4*c**3 + 9*c**3 - 2*c**3 + c - 3*c**2 + 2. Let v be ((-6)/4)/((-1)/2). Determine t(v).
5
Let q(d) = 7*d**3 - 4*d**2 + 3. Let i(z) = -z**3. Let f(t) = -6*i(t) - q(t). Suppose -3*m - 26 = 2*x, x + 2*x + m = -25. Let n = -3 - x. Calculate f(n).
-3
Let r(c) = c - 1. Let d = 82 + -82. What is r(d)?
-1
Let r(y) = 4*y + 8. Let i(d) = d + 1. Let j(f) = 3*i(f) - r(f). Give j(-6).
1
Let n(c) = c**3 - c**2 + c. Let x be n(1). Suppose 0 = g - x - 3. Let z(u) = u**3 - 5*u**2 + 5*u - 5. What is z(g)?
-1
Let a(u) = -11 + 13 + 0*u + 2*u. Determine a(-2).
-2
Let b be (3 - -5)/(-2) + 2. Let t be (-2 - 4)*b/(-6). Let a